.
27
Calculate the greatest common divisor of 52213235 and 43320.
1805
What is the highest common factor of 928 and 2159712?
32
What is the greatest common factor of 56275879 and 11?
11
What is the highest common divisor of 306619230 and 1693?
1693
What is the greatest common divisor of 1034026 and 17276?
14
Calculate the greatest common divisor of 561810 and 1009062.
366
What is the highest common factor of 247 and 6505885?
19
Calculate the highest common divisor of 106 and 2973194.
106
What is the highest common divisor of 201 and 5705117?
67
What is the highest common divisor of 10041990 and 210?
210
What is the greatest common divisor of 7384 and 1998420528?
7384
Calculate the highest common factor of 439681 and 264.
11
Calculate the highest common divisor of 152 and 96709088.
152
What is the greatest common divisor of 44519412 and 63?
21
What is the greatest common divisor of 19104500 and 114?
38
Calculate the greatest common divisor of 2133383 and 1221.
37
Calculate the greatest common divisor of 4569588 and 405.
27
Calculate the highest common factor of 49746482 and 3176.
794
Calculate the highest common divisor of 4824 and 589032.
72
What is the highest common factor of 1238962 and 8879?
683
What is the highest common factor of 193439 and 68305?
19
Calculate the greatest common divisor of 20 and 5898950.
10
Calculate the greatest common divisor of 581 and 3549744.
83
What is the greatest common factor of 173125 and 149857?
277
Calculate the greatest common factor of 146089 and 1535511.
1051
Calculate the greatest common factor of 114 and 29546862.
114
Calculate the highest common divisor of 37541 and 54149.
173
Calculate the greatest common divisor of 9896588 and 54.
2
What is the greatest common factor of 2925486 and 37836?
18
What is the highest common factor of 14030 and 2868037?
61
What is the highest common factor of 2723 and 2029069?
7
Calculate the greatest common factor of 15894666 and 288.
18
Calculate the highest common divisor of 874028 and 22284.
2476
Calculate the greatest common divisor of 175203861 and 134.
67
What is the greatest common factor of 20271275 and 4300?
1075
What is the highest common divisor of 5132 and 7719811?
1283
What is the greatest common factor of 356 and 29134?
2
What is the highest common divisor of 212253 and 273333?
1527
Calculate the greatest common factor of 2709 and 2975084.
301
What is the highest common divisor of 520 and 2528215?
5
Calculate the greatest common factor of 248 and 39123085.
31
What is the highest common divisor of 4 and 8825756?
4
Calculate the greatest common factor of 3740 and 1279760.
340
What is the highest common factor of 41229122 and 88?
22
Calculate the highest common factor of 176432 and 6864.
16
What is the greatest common factor of 17 and 139514682?
17
What is the highest common factor of 32776 and 479193314?
8194
Calculate the greatest common divisor of 19095354 and 1462.
86
What is the highest common factor of 4685 and 22615?
5
What is the greatest common factor of 71632 and 663080?
968
What is the highest common divisor of 330 and 5629110?
30
What is the greatest common factor of 1 and 29484271?
1
Calculate the highest common divisor of 692834623 and 13.
13
Calculate the greatest common factor of 88699 and 3757.
13
What is the highest common divisor of 63801 and 67473?
459
Calculate the highest common factor of 45448 and 29127.
19
What is the greatest common factor of 33381636 and 12?
12
What is the highest common divisor of 554 and 10943993?
277
Calculate the highest common factor of 3919333 and 119.
17
What is the highest common divisor of 779919892 and 9028?
9028
What is the greatest common factor of 2700 and 126228?
12
What is the highest common divisor of 7785 and 20565?
45
Calculate the highest common factor of 88320507 and 157.
157
Calculate the highest common factor of 132076 and 164828.
356
Calculate the greatest common factor of 7276050 and 256956.
2622
What is the highest common divisor of 17031 and 3526228?
811
Calculate the highest common factor of 1032761 and 26377.
2029
Calculate the highest common divisor of 48288 and 23448.
24
Calculate the highest common divisor of 55089040 and 10.
10
What is the greatest common divisor of 270286 and 2496971?
907
Calculate the highest common divisor of 95470259 and 2789.
2789
What is the greatest common divisor of 661713 and 2622?
57
What is the highest common factor of 11792 and 60918209?
737
Calculate the greatest common factor of 60627907 and 2069.
2069
Calculate the greatest common divisor of 12475925 and 11550.
1925
What is the greatest common factor of 18 and 129481266?
6
Calculate the highest common factor of 215492810 and 2405.
2405
What is the greatest common divisor of 208338 and 18798?
78
Calculate the highest common factor of 6027 and 8223.
3
Calculate the highest common divisor of 7036970 and 2012.
1006
Calculate the highest common factor of 410503 and 508201.
857
Calculate the highest common factor of 189 and 3704862.
21
Calculate the greatest common divisor of 4511 and 6659971.
347
What is the greatest common factor of 30 and 20915745?
15
Calculate the greatest common factor of 4533684 and 48396.
444
What is the greatest common divisor of 41507208 and 82836?
6372
Calculate the highest common divisor of 231951 and 177.
3
What is the greatest common divisor of 552 and 16958958?
138
What is the greatest common factor of 1458 and 3179412?
486
What is the highest common factor of 336 and 1800981?
21
Calculate the greatest common divisor of 346272 and 944.
16
Calculate the highest common factor of 6842 and 632016.
22
What is the greatest common factor of 362319 and 12668883?
6141
What is the greatest common factor of 94609 and 18965269?
2557
Calculate the greatest common factor of 7296653 and 3544.
443
Calculate the highest common divisor of 21850 and 97959668.
874
Calculate the highest common factor of 21399332 and 232.
116
What is the highest common divisor of 16 and 270230192?
16
Calculate the highest common factor of 13718120 and 1196.
1196
Calculate the highest common factor of 10726784 and 107152.
2896
Calculate the greatest common divisor of 22008 and 25203745.
917
Calculate the greatest common factor of 1446560 and 600.
40
Calculate the greatest common factor of 1897607 and 112160.
701
What is the greatest common divisor of 16432710 and 3360?
210
Calculate the greatest common factor of 333 and 1193061.
3
What is the highest common divisor of 276 and 1385336?
92
What is the greatest common divisor of 4696 and 97956212?
2348
What is the highest common divisor of 4016188 and 8924?
388
Calculate the greatest common factor of 680 and 13523800.
40
What is the greatest common factor of 10243108 and 708?
236
Calculate the greatest common divisor of 5240 and 1921115.
655
Calculate the greatest common divisor of 108751965 and 525.
105
Calculate the greatest common factor of 278452 and 2040596.
4156
What is the greatest common factor of 572 and 31890584?
44
What is the highest common divisor of 58 and 1607383?
29
What is the highest common factor of 3940 and 15026372?
788
Calculate the highest common divisor of 220850 and 1680.
70
What is the greatest common factor of 42551 and 22525?
17
Calculate the highest common divisor of 1694045 and 22385.
185
Calculate the greatest common factor of 12873 and 11697.
21
Calculate the highest common factor of 33825 and 3938255.
205
Calculate the greatest common divisor of 3240 and 3694120.
40
Calculate the greatest common factor of 10638 and 59780241.
5319
What is the highest common divisor of 421378 and 9853?
59
Calculate the greatest common factor of 172205 and 21065.
55
What is the highest common divisor of 1044868 and 18964?
44
Calculate the highest common factor of 445476622 and 1786.
1786
Calculate the highest common divisor of 58 and 292495624.
58
Calculate the greatest common factor of 1971324 and 484.
4
What is the greatest common factor of 23085 and 309795?
285
Calculate the greatest common factor of 52302145 and 20.
5
Calculate the highest common factor of 515674751 and 5259.
1753
Calculate the highest common divisor of 14 and 4825100.
14
Calculate the greatest common divisor of 53856 and 4957200.
2448
Calculate the greatest common divisor of 876926 an